t are the prime factors of (-805)/3220*-1*340948?
85237
Let q(i) = 335*i**3 - 2*i**2 + 1. Let t be q(1). Let a = t - -71. List the prime factors of a.
3, 5
Let c be -1*(-10)/55*22. Suppose -c*a - 3*g + 2886 = -8*g, -4 = -2*g. What are the prime factors of a?
2, 181
Let h(z) = z**3 + 14*z**2 - 3*z - 14. Let k = 681 - 694. What are the prime factors of h(k)?
2, 97
Let i(u) = -3059*u - 7254. What are the prime factors of i(-6)?
2, 3, 5, 37
Suppose 9969 = 2*n + 3*w, 5*n + 20*w - 24891 = 23*w. List the prime factors of n.
2, 3, 5, 83
Let k(s) = -10*s - 10. Let x be k(-4). Suppose -3*v = -v - x. List the prime factors of 124/8 + v/10.
17
Let w(v) = 2*v**2 - 9*v + 8. Let c be w(4). List the prime factors of 165/(-110) - (-1642)/c.
409
Let v(z) = 76*z**2 + 104*z + 6. Let j be v(-4). Let y = j - -675. List the prime factors of y.
1481
Suppose 4 = -2*m + 5*t - 8*t, -3*t = 3*m. Suppose z + 798 = m*z. What are the prime factors of z?
2, 7, 19
Suppose -56 = -0*y + 4*y. Let p(i) = -i**3 - 15*i**2 - 12*i + 31. Let v be p(y). What are the prime factors of 2/v - (-813)/9?
7, 13
Let p = 838 + 7654. List the prime factors of p.
2, 11, 193
What are the prime factors of 64/864 + 470195/135?
3, 43
Let i = -20863 + 30759. What are the prime factors of i?
2, 1237
Let u be (-5 - -11)*(-2)/(-4). Let y(p) = -p**3 + 8*p**2 - 3*p + 13. What are the prime factors of y(u)?
7
Let s(z) = z**3 + 8*z**2 - z - 18. Let b(p) = p**2 + p - 1. Let q(h) = -3*b(h) + s(h). Let a be q(-7). Let t = a + 222. What are the prime factors of t?
137
Suppose 4*p = 266 + 1722. Suppose -4*g - 2*u + p = -517, 2*g - 3*u = 511. What are the prime factors of g?
2, 127
Let v(s) be the third derivative of -s**5/60 + 5*s**4/6 + s**3/2 - 20*s**2. Let n be v(20). Suppose 4*z - 104 = n*z. List the prime factors of z.
2, 13
Let f(h) = h**3 - 11*h**2 + 12*h - 16. Suppose 8*a = 31 + 49. Let o be f(a). Suppose -o*d - 5*m + 105 = 8, -2*d - 5*m = -51. List the prime factors of d.
23
Let c(s) = 47*s**2 + s. Let b(k) = 49*k**2 + k - 1. Let n(g) = -2*b(g) + 3*c(g). List the prime factors of n(-3).
2, 193
Let h = 56081 - 35880. What are the prime factors of h?
20201
Suppose -42*h - 65232 = -45*h. What are the prime factors of h?
2, 3, 151
Let t = 5243 - 1260. What are the prime factors of t?
7, 569
Let k = 339 - 333. List the prime factors of 9/((-243)/k) + 13960/45.
2, 5, 31
Let j be 4 + -1 - (1 - 5 - -3). Suppose 2*h = 2*f - 692, j*f - 3*h - 1384 = 2*h. List the prime factors of f.
2, 173
Let y(x) = -2*x**3 - x. Let a(c) = -c - 6. Let n(t) = a(t) - 3*y(t). List the prime factors of n(4).
2, 193
Let g(b) = -404*b**2 + 8*b**3 + b + 204*b**2 + 215*b**2. What are the prime factors of g(3)?
2, 3, 59
Suppose 90*a - 596304 = 39*a - 93*a. What are the prime factors of a?
41, 101
Suppose 3440 - 150 = a. What are the prime factors of a?
2, 5, 7, 47
Let b = -26663 + 37342. Suppose 16*y = 2393 + b. List the prime factors of y.
19, 43
Suppose -8*w + 0*w + 36*w = 19348. List the prime factors of w.
691
Let w(l) = 50*l**2 - 95*l + 1250. List the prime factors of w(25).
5, 241
Suppose 6*f - 5*f = 10*f. Suppose -17*j + 19*j - 470 = f. What are the prime factors of j?
5, 47
Let f = -25 - -25. Suppose -63 = -f*j + 3*j. Let z = j - -106. List the prime factors of z.
5, 17
Suppose -31*i + 23*i - 16 = 0. Let g be (-8)/i + (5 - 6)*4. Let y(v) = -5*v + 84. List the prime factors of y(g).
2, 3, 7
Let w = -197 - -199. Suppose 0 = w*y - 2*i - 16, 4*i + 38 = 4*y + 6*i. List the prime factors of y.
3
Let s be 35/(-7) + 0 + 19. Suppose -21*p = -s*p - 140. List the prime factors of p.
2, 5
What are the prime factors of ((-9)/(-9))/(10/2 + (-524536)/104908)?
26227
Suppose -k + 25 = 4*k + d, -4*k = 4*d - 20. Suppose 2*n - 814 = -k*c, 0*c = 5*n - c - 2035. List the prime factors of n.
11, 37
What are the prime factors of ((-78)/(-48))/(-13)*-13688?
29, 59
Let j(t) = t**3 + t**2 - t + 68. Let b(v) = -v**3 + 5*v**2 + 7*v - 6. Suppose 7*u - 3*u = 24. Let i be b(u). What are the prime factors of j(i)?
2, 17
Let r = 3249 - 1028. Suppose j - r = -4*c, 2*c = j + 3*j + 1106. List the prime factors of c.
3, 5, 37
Suppose 10*c - 8*c = x + 47860, 4*c - 4*x - 95720 = 0. What are the prime factors of c?
2, 5, 2393
Let z(j) = 3829*j**2 - j. Let d be z(1). Suppose -5*i = -4*w + 2063, 5*w + 3*i + 1277 = d. What are the prime factors of w?
2
Suppose 455*w + 3*c = 458*w - 32595, 2*w = -5*c + 21751. What are the prime factors of w?
2, 11, 13, 19
Suppose -393*y = -394*y + 3*n + 89, 154 = 2*y + 2*n. Suppose -3 - 5 = -2*x. Suppose -d - o + y - 7 = 0, 2*d + x*o = 138. What are the prime factors of d?
7, 11
Let h = -31 - -36. Let p be (-2 - -1)*(-6 + h). What are the prime factors of (-1)/(p*(-3)/243)?
3
Suppose 8728214 = 193*y + 2651802. What are the prime factors of y?
2, 17, 463
Let j(k) = 2*k**2 + k + 4. Let h be j(7). Let f = 408 + -406. Suppose f*a = 3*a - h. What are the prime factors of a?
109
Suppose 1037*w - 1064*w = 110213 - 593081. List the prime factors of w.
2, 17, 263
List the prime factors of 209959/6 + (-825)/4950.
7, 4999
Let v be 31/(-4) - (1 + 9/(-12)). Let o(i) = -77*i + 32. Let h be o(v). Suppose -250 = -s - z, 107 + h = 3*s + 2*z. List the prime factors of s.
3, 5, 17
Let h = -7 + -5. Let z(y) = -3*y + 15. Let i(o) = -8*o + 44. Let l(f) = -2*i(f) + 7*z(f). What are the prime factors of l(h)?
7, 11
Let s(w) be the second derivative of 3/2*w**2 + 8*w - 5/6*w**3 + 0. What are the prime factors of s(-4)?
23
Let g(n) = n**3 + 3*n. Let c be g(4). Let h = -4162 - -4210. Let m = c + h. List the prime factors of m.
2, 31
Suppose 3*l = -3*o + 3561, 5*l - 2*o - 6731 = -831. List the prime factors of l.
2, 3, 197
Let w be 9/6 + (4/8 - 4). Let s be 4*(-6)/4*w/3. Suppose 4*y = 2*u - 58, 3*y + 146 = s*u + y. What are the prime factors of u?
3, 13
Let o be 2/((-5 - 0)/(-5)). Suppose g = o*r - 863, r - 3*g + 1299 = 4*r. What are the prime factors of r?
2, 3
Suppose -5*v - 3*i = -4, -5*v - i + 0*i = -8. List the prime factors of (-1 + -3 + v - -4)*639.
2, 3, 71
Let p(m) = 25*m**2 - 44*m + 1106. What are the prime factors of p(-35)?
7, 97
Suppose 4*z = -43*z - 11750. What are the prime factors of (2/(-20) - 321775/z)*1?
3, 11, 13
Let y be (-23 + 19)/(2/(-13)). Suppose y + 28 = 6*a. List the prime factors of a/3 + (75 - 3).
3, 5
Suppose 278*h - 290*h = -135552. What are the prime factors of h?
2, 353
Suppose -3*k + 71049 = 2*f, 5*f = -9*k + 10*k - 23649. What are the prime factors of k?
3, 877
Let i be ((-453)/4)/((-5)/(120/9)). Let l = -61 + i. List the prime factors of l.
241
Suppose -g = 53 - 283. Let a(w) = -6 + 2*w**2 + 116*w - g*w + 127*w. What are the prime factors of a(-10)?
2
Let m(o) = 93*o**2 + 363*o + 6850. What are the prime factors of m(-18)?
2, 11, 173
Let c be ((-75)/(-10))/(3*(-3)/(-90)). Suppose -c*q + 828 = -69*q. What are the prime factors of q?
2, 3, 23
Let n = 4879 + 1398. List the prime factors of n.
6277
Let n(d) = 24*d + 27. Let t be ((-30)/(-6))/(1*(-1)/2). Let p be n(t). Let z = p + 357. What are the prime factors of z?
2, 3
Suppose 0 = 7*v - 0*v. Suppose 18*u - 21*u + 15 = v. Suppose 3*r - u*r = -360. List the prime factors of r.
2, 3, 5
Suppose 4*q + 33 = 265. Suppose j + 0*j = 4*f + q, j - 59 = 3*f. Suppose 3*w = -k + 57, 3*k + j = 4*k + 2*w. What are the prime factors of k?
2, 3
Suppose -1138429 - 3031469 = -129*p - 559962. List the prime factors of p.
2, 3, 11, 53
Let z = -213 + 181. Let d = z - -235. List the prime factors of d.
7, 29
Let x(a) = 12*a**2 + 63*a + 3080. What are the prime factors of x(-34)?
2, 5, 1481
Suppose -8*a = -12*a + 12. List the prime factors of (-4576)/(-12) - 1/a.
3, 127
Let o = -12516 + 17917. Let b = -3843 + o. What are the prime factors of b?
2, 19, 41
Let d = 17940 - -1041. List the prime factors of d.
3, 19, 37
Suppose -a = 2*d - 15, 0*a = -3*d + 3*a. Suppose -4*q = -b + 3, 0*q + d*b = -q + 15. Suppose q = -4*h + 8*h - 52. List the prime factors of h.
13
Suppose 4 + 10 = -f. Let n be 8/f + 1090/70. List the prime factors of 49 + 5/(n/12).
53
Let c = 151 - 152. Let y(j) = -142*j + 21. What are the prime factors of y(c)?
163
Suppose 0 = 73*f + 1090 - 78470. What are the prime factors of f?
2, 5, 53
Suppose 4*g - 50 + 14 = 0. Suppose -g*f + 5*f - 16 = 0. List the prime factors of -2 + 93 - -1 - f.
2, 3
Le